actors of a.
2, 3, 31
Let x(o) = o**3 + 43*o**2 + 53*o + 200. What are the prime factors of x(-40)?
2, 3, 5
Let w = 49427 - 17802. List the prime factors of w.
5, 11, 23
Let y be 24/11 + 12/(-66). Suppose 0 = y*v - 11*v + 99. Suppose 240 = -6*w + v*w. What are the prime factors of w?
2, 3
Suppose 0 = 5*t - 66265 - 14975. List the prime factors of t.
2, 3, 677
Suppose 2*t - 4*n = -6*n + 4, 2*n + 26 = 4*t. Suppose -7*l + t = 40. Let r(w) = -w**3 + 6*w**2 + 8*w + 14. List the prime factors of r(l).
3, 83
What are the prime factors of (-258)/215 + 133773/15?
37, 241
Let o be 56*(3/2 - 1). Suppose 10*x - 9*x = -5*p + 1006, 0 = -4*x - p + 3986. Suppose x = -o*m + 32*m. What are the prime factors of m?
3, 83
Suppose -86*g = -491076 + 66322. List the prime factors of g.
11, 449
Let s(r) = 2*r**2 - 4907*r + 8 + 3*r**2 + 4890*r. List the prime factors of s(-7).
2, 3, 31
Let c = -7000 - -11437. Suppose 0 = -33*z + 62*z - c. List the prime factors of z.
3, 17
Let h(u) = 35*u + 7 + 36*u + 4*u**2 + 3*u + 2*u - 6*u. What are the prime factors of h(-21)?
7, 43
What are the prime factors of (-6)/(-33) + (-238745195)/(-6435) - 6/27?
3, 83, 149
Let w(n) = 330*n**2 - 71*n + 257. List the prime factors of w(6).
7, 239
Let h be -3*(-2)/(-3) - -11. Suppose 0 = -h*l + 3*l + 2394. List the prime factors of l.
3, 7, 19
Suppose -u + 4*i - 17 - 299 = 0, i + 1264 = -4*u. Let b = u - -1689. List the prime factors of b.
1373
Suppose 16038 + 697983 = 121*i. What are the prime factors of i?
3, 7, 281
Suppose -6*d + 34140 = 2*x - 4*d, -3*x = -3*d - 51180. List the prime factors of x.
5, 3413
Let c = 18440 - 6079. What are the prime factors of c?
47, 263
Let n(p) = -8*p**2 - 15*p + 15. Let w(q) = -q**2 + q. Let s(u) = -n(u) + 4*w(u). Let b(j) be the first derivative of s(j). What are the prime factors of b(9)?
7, 13
Let m = -135 - -108. Let s be 495/m - (-4)/(-6). Let l = s - -98. List the prime factors of l.
79
Let n(y) = -76*y + 249. Suppose -w - 2*p = 4, -10*p + 12*p - 56 = 4*w. List the prime factors of n(w).
3, 43
Let k(o) = 2472*o**3 + 25*o**2 - 5*o - 13. What are the prime factors of k(3)?
7, 73, 131
Let f be 1/(99/108 + (-2)/2). Let o(x) = x**2 + 15*x - 22. Let z be o(f). Let y = 15 - z. List the prime factors of y.
73
Suppose -80*a - 275758 = -5*y - 76*a, 55132 = y + 2*a. What are the prime factors of y?
2, 3, 7, 13, 101
Let o(p) = -3*p - 2. Let r(u) = -u - 1. Let j(h) = -2*o(h) + 7*r(h). Let m be j(-5). Suppose z + 0*f + m*f - 67 = 0, 4*f = -4. What are the prime factors of z?
3, 23
Let d(o) = 1353*o + 1114. What are the prime factors of d(5)?
7879
Suppose 4*r + 38 = k, -2*k + 61 = -4*r - 15. Let c = k - 41. What are the prime factors of -2 + (-50)/(-1 - c/5)?
3, 41
Let o(w) = -w**3 - 26*w**2 - 51*w - 62. Let m be o(-24). Suppose 13*q - 307 = m*q + f, -q - 3*f = -89. What are the prime factors of q?
101
Suppose -4*a + 25 + 3 = 0. Let t(w) = -10*w - 9. Let q(b) = -b. Let f(m) = 6*q(m) - t(m). What are the prime factors of f(a)?
37
Suppose 4*s - 14205 = -2*k + 65749, 0 = -4*s - 4*k + 79964. What are the prime factors of s?
2, 3, 3331
Let x be (215/172)/((-2)/8). Let f = 17 + -13. What are the prime factors of x + f*3/3 + 186?
5, 37
Let h = 1658 + 78. Suppose 4*g - 3*y - y = h, 3*g - 1305 = 2*y. What are the prime factors of g?
19, 23
Suppose 9*g - 5086 = 14219. Suppose 0 = 9*v - 20*v + g. List the prime factors of v.
3, 5, 13
What are the prime factors of 12/114 + 67447*(-91)/(-247)?
3, 11, 251
Let l = 431 + -410. Suppose -l*u = -17*u - 2624. List the prime factors of u.
2, 41
Let o be 2/7 - (-19)/7. Let j(s) = s**2 - 6*s + 16. What are the prime factors of j(o)?
7
Let o = 2094 + -1744. Let p = 688 - -114. Suppose 9*z = o + p. What are the prime factors of z?
2
What are the prime factors of (44/33)/((-23)/(-515292))?
2, 1867
Let a = -199 + 204. Suppose f = a*w - f - 1246, -3*w - 5*f = -760. What are the prime factors of w?
2, 5
Let z be 2/(-5)*(-140)/14. Suppose -h = -3*h - 2. List the prime factors of (h - (-103 - z)) + 3.
109
Let v(z) = z**3 - 11*z**2 - 25*z - 12. Suppose 3*k - 3*j - 216 = 0, -k + 4*k - 224 = j. Suppose 9*p - 50 - k = 0. List the prime factors of v(p).
2, 113
Suppose i + 2*c - 4312 = 5016, -18644 = -2*i - 2*c. List the prime factors of i.
2, 17, 137
Let c(t) = -t**3 + 32*t**2 - 4*t + 15. List the prime factors of c(-24).
3, 10789
Let s be 0/(-3) + -3 + 0. Let r be (97/(-2))/(1/(s*2)). Let x = 454 - r. List the prime factors of x.
163
Suppose 22*m + 44562 = -m + 665447. List the prime factors of m.
5, 5399
Let l be 4 - (-30)/(-18) - (-2)/3. Suppose 1 = -u, t = -3*t + l*u + 339. Suppose -2*f + 3*f - t = 0. List the prime factors of f.
2, 3, 7
Let i(q) = -2*q**3 - q**2 - 31*q. Let f be i(-9). Let n = -902 + f. What are the prime factors of n?
2, 13, 29
Suppose -4*f - 9*g - 32 = -5*g, -5*f - 10 = -5*g. What are the prime factors of (f - -3) + 1262 + 1?
13, 97
Let u = -16125 + 27311. List the prime factors of u.
2, 7, 17, 47
Let b = 11727 + -10410. What are the prime factors of b?
3, 439
Suppose 23*f - 21*f - 618336 = -55*f. List the prime factors of f.
2, 3, 113
Suppose h - 244 - 125 = 0. Let a = -115 + h. List the prime factors of a.
2, 127
Suppose 5*b = -5*i + 25, -10 - 5 = -3*i + 2*b. Suppose 0 = -i*g + 1406 + 2214. What are the prime factors of g?
2, 181
Let g be (280/168)/(0 + 5/18). List the prime factors of (-3)/g - -135*(-3)/(-6).
67
Let m(h) = 9*h**3 - 22*h**2 - 65*h - 48. Let g be m(-24). What are the prime factors of (-2)/(-25) + g/(-300)?
2, 113
Suppose 2*l + 2 = -8. Let o(p) = -144*p - 26. What are the prime factors of o(l)?
2, 347
Let b(w) = -7*w + 8. Let f be b(-3). Suppose 4*q + 33 = f. List the prime factors of 95 + -4 + q + 4.
2, 47
Let q(f) = 3*f - 17. Let v be q(7). Let x be 10/65 - v/26. Suppose -4*k - k + 2*m + 465 = x, 0 = k - 2*m - 85. List the prime factors of k.
5, 19
Suppose -3*a = 4*p - 50, -5*p + 8 = 13. Suppose 0 = -a*n + 16422 + 2388. List the prime factors of n.
5, 11, 19
Suppose -32 = -4*y, -3*l + 22165 = 2*y - 113841. List the prime factors of l.
2, 3, 5, 1511
Let q be (-8)/11*55/(-10). Suppose 2*z - 1009 = -5*b, -2*z + 1000 = -0*b - 4*b. Suppose -z + 190 = -q*x. List the prime factors of x.
2, 3, 13
Suppose -110 = 5*u + d, 3*u + 3*d = -0*d - 54. Let y = 68 + u. Let z = y + 19. What are the prime factors of z?
2
Suppose 0*o + 138 = 2*b - 2*o, 0 = 5*b - 4*o - 350. Let k be 1/(1/33*(-6)/(-2)). Let j = b - k. What are the prime factors of j?
3, 7
Let r = 6145 - -3555. List the prime factors of r.
2, 5, 97
Suppose 552 + 372 = 2*c. Suppose 13*v - 10*v + c = 0. Let o = v - -285. What are the prime factors of o?
131
Let v(i) = 23*i**2 - 89*i + 1017. List the prime factors of v(36).
3, 11, 31
Let f(q) = -3*q + 8 + 8 - 7 + 20. What are the prime factors of f(-3)?
2, 19
Let v(s) = 3*s + 6. Let b be v(-6). Let o be (-2 + (-7)/(-4))*b. Suppose -o*q - 228 = -7*q. List the prime factors of q.
3, 19
Let w = 6419 + -5408. List the prime factors of w.
3, 337
Let g(z) = 767*z**2 + 58*z + 223. What are the prime factors of g(7)?
2, 41, 233
Suppose -959 = 4*s - 7. Let r = 430 + s. List the prime factors of r.
2, 3
What are the prime factors of (10/6)/((-9499)/114156 - 22/(-264))?
2, 3, 5, 151
Let m(i) = -8*i + 30. Let t be m(4). Let v be t*12/8 - -5. List the prime factors of (447/6)/(3/v + -1).
149
Let i = -29092 - -48288. List the prime factors of i.
2, 4799
Suppose -2*g + 70666 = 4*x, g = 13*x - 16*x + 53000. List the prime factors of x.
3, 13, 151
Suppose -619311 = -84*h - 157311. What are the prime factors of h?
2, 5, 11
Let n(r) = -r - 2. Let o(v) = v**2 - 13*v + 6. Let x be o(12). Let m be n(x). Suppose -6*d + 486 = -d - 3*p, m*d - 4*p - 392 = 0. List the prime factors of d.
2, 3
Suppose 15*i - 13767 = -2*g + 10*i, 0 = 3*g + 5*i - 20663. List the prime factors of g.
2, 431
Let h = 9425 + 492. List the prime factors of h.
47, 211
Let v be (12/(-4))/((-6)/(-4))*-1. Let r be (-3 - -6)*(3 + v/(-1)). List the prime factors of (r - -1)*(-252)/(-16)*1.
3, 7
Suppose 14*h - 130 = 9*h. Let l = -24 + h. Suppose 4*m = 5*k - 73, -l*k = -k - 3*m - 8. What are the prime factors of k?
17
Suppose -5*d - r = -10, -5*d - r = r - 10. Suppose 13 + 89 = d*v. Suppose v + 380 = 3*x + i, 5*x - 729 = i. What are the prime factors of x?
5, 29
What are the 